der when 72224 is divided by 469.
467
Calculate the remainder when 5565 is divided by 783.
84
What is the remainder when 85287 is divided by 67?
63
Calculate the remainder when 1139 is divided by 379.
2
What is the remainder when 58571 is divided by 9?
8
Calculate the remainder when 35098 is divided by 117.
115
Calculate the remainder when 3558 is divided by 699.
63
Calculate the remainder when 7213 is divided by 151.
116
Calculate the remainder when 14823 is divided by 215.
203
What is the remainder when 3487 is divided by 28?
15
Calculate the remainder when 319 is divided by 282.
37
What is the remainder when 8684 is divided by 626?
546
What is the remainder when 3954 is divided by 1317?
3
What is the remainder when 35237 is divided by 19?
11
What is the remainder when 499041 is divided by 124757?
13
Calculate the remainder when 26050 is divided by 1626.
34
What is the remainder when 13645 is divided by 56?
37
Calculate the remainder when 173077 is divided by 546.
541
Calculate the remainder when 136241 is divided by 41.
39
What is the remainder when 48533 is divided by 24220?
93
Calculate the remainder when 42695 is divided by 37.
34
Calculate the remainder when 18658 is divided by 23.
5
Calculate the remainder when 1351 is divided by 137.
118
What is the remainder when 13444 is divided by 269?
263
Calculate the remainder when 4721 is divided by 297.
266
What is the remainder when 3300 is divided by 229?
94
What is the remainder when 30951 is divided by 284?
279
Calculate the remainder when 17218 is divided by 210.
208
Calculate the remainder when 33855 is divided by 2255.
30
What is the remainder when 430994 is divided by 862?
856
What is the remainder when 707300 is divided by 39?
35
What is the remainder when 11312 is divided by 347?
208
Calculate the remainder when 3083 is divided by 742.
115
What is the remainder when 102550 is divided by 13?
6
What is the remainder when 84441 is divided by 168?
105
What is the remainder when 233585 is divided by 21?
2
Calculate the remainder when 3341771 is divided by 1602.
1601
What is the remainder when 8995 is divided by 3890?
1215
Calculate the remainder when 111137 is divided by 112.
33
What is the remainder when 34498 is divided by 1046?
1026
Calculate the remainder when 7594 is divided by 339.
136
What is the remainder when 8028 is divided by 102?
72
Calculate the remainder when 5824 is divided by 110.
104
What is the remainder when 156284 is divided by 13?
11
Calculate the remainder when 333383 is divided by 111127.
2
Calculate the remainder when 5796 is divided by 54.
18
What is the remainder when 2592 is divided by 562?
344
What is the remainder when 9854 is divided by 1097?
1078
Calculate the remainder when 131216 is divided by 18745.
1
What is the remainder when 98668 is divided by 7?
3
Calculate the remainder when 998592 is divided by 1101.
1086
What is the remainder when 485773 is divided by 690?
13
What is the remainder when 1110 is divided by 361?
27
What is the remainder when 350922 is divided by 38988?
30
Calculate the remainder when 6761 is divided by 199.
194
Calculate the remainder when 4501 is divided by 2250.
1
Calculate the remainder when 11532 is divided by 96.
12
Calculate the remainder when 38139 is divided by 38121.
18
What is the remainder when 2418 is divided by 304?
290
Calculate the remainder when 9510 is divided by 74.
38
What is the remainder when 5492 is divided by 778?
46
Calculate the remainder when 3478 is divided by 494.
20
Calculate the remainder when 66678 is divided by 22225.
3
Calculate the remainder when 5828 is divided by 49.
46
Calculate the remainder when 10002 is divided by 128.
18
What is the remainder when 2883 is divided by 324?
291
Calculate the remainder when 12714 is divided by 146.
12
Calculate the remainder when 66552 is divided by 214.
212
Calculate the remainder when 6577 is divided by 3288.
1
Calculate the remainder when 52974 is divided by 1292.
2
Calculate the remainder when 2145 is divided by 518.
73
What is the remainder when 324841 is divided by 947?
20
What is the remainder when 135961 is divided by 38?
35
Calculate the remainder when 355213 is divided by 298.
295
What is the remainder when 4205 is divided by 734?
535
What is the remainder when 50975 is divided by 96?
95
What is the remainder when 5137148 is divided by 16?
12
Calculate the remainder when 5517 is divided by 278.
235
Calculate the remainder when 26861 is divided by 11.
10
Calculate the remainder when 7379 is divided by 284.
279
Calculate the remainder when 1731 is divided by 300.
231
What is the remainder when 1703 is divided by 1602?
101
What is the remainder when 75345 is divided by 1749?
138
Calculate the remainder when 203577 is divided by 540.
537
What is the remainder when 93186 is divided by 18623?
71
Calculate the remainder when 4523 is divided by 144.
59
What is the remainder when 9739 is divided by 1595?
169
What is the remainder when 7052 is divided by 3399?
254
Calculate the remainder when 239528 is divided by 26607.
65
What is the remainder when 480419 is divided by 157?
156
Calculate the remainder when 4153 is divided by 1091.
880
Calculate the remainder when 800958 is divided by 16.
14
Calculate the remainder when 115 is divided by 110.
5
Calculate the remainder when 4005 is divided by 424.
189
What is the remainder when 7619 is divided by 1894?
43
Calculate the remainder when 3825 is divided by 42.
3
What is the remainder when 191298 is divided by 38257?
13
Calculate the remainder when 6522 is divided by 51.
45
Calculate the remainder when 7491 is divided by 327.
297
What is the remainder when 2336 is divided by 478?
424
What is the remainder when 10477 is divided by 15?
7
What is the remainder when 160326 is divided by 409?
407
What is the remainder when 21531 is divided by 552?
3
What is the remainder when 86002 is divided by 80?
2
Calculate the remainder when 6654 is divided by 13.
11
What is the remainder when 1487 is divided by 351?
83
Calculate the remainder when 50120 is divided by 86.
68
What is the remainder when 6415 is divided by 337?
12
Calculate the remainder when 42941 is divided by 15.
11
Calculate the remainder when 17724 is divided by 17710.
14
What is the remainder when 38027 is divided by 134?
105
Calculate the remainder when 4529 is divided by 2263.
3
Calculate the remainder when 389817 is divided by 217.
85
What is the remainder when 23972 is divided by 11984?
4
What is the remainder when 18038 is divided by 783?
29
What is the remainder when 448 is divided by 78?
58
Calculate the remainder when 82134 is divided by 10266.
6
What is the remainder when 304364 is divided by 1068?
1052
Calculate the remainder when 1351091 is divided by 450362.
5
Calculate the remainder when 25994 is divided by 1039.
19
Calculate the remainder when 111275 is divided by 99.
98
What is the remainder when 22557 is divided by 77?
73
Calculate the remainder when 27434 is divided by 1055.
4
What is the remainder when 2521 is divided by 158?
151
What is the remainder when 7621 is divided by 138?
31
What is the remainder when 4470 is divided by 324?
258
Calculate the remainder when 22792 is divided by 1114.
512
What is the remainder when 70780 is divided by 45?
40
What is the remainder when 772 is divided by 16?
4
Calculate the remainder when 64286 is divided by 239.
234
What is the remainder when 10290 is divided by 5047?
196
Calculate the remainder when 57155 is divided by 6.
5
Calculate the remainder when 1804 is divided by 146.
52
Calculate the remainder when 328119 is divided by 84.
15
What is the remainder when 17293 is divided by 1087?
988
Calculate the remainder when 7269 is divided by 2396.
81
Calculate the remainder when 139635 is divided by 121.
1
What is the remainder when 55368 is divided by 644?
628
What is the remainder when 1840 is divided by 34?
4
Calculate the remainder when 2364 is divided by 49.
12
Calculate the remainder when 479999 is divided by 320.
319
What is the remainder when 2789 is divided by 173?
21
What is the remainder when 88632 is divided by 1429?
34
Calculate the remainder when 879904 is divided by 264.
256
What is the remainder when 1097 is divided by 533?
31
What is the remainder when 891 is divided by 207?
63
What is the re